4?
-3321
In base 16, what is 3a2 - 4?
39e
In base 6, what is -12 - -4134?
4122
In base 3, what is 201 - 22220?
-22012
In base 4, what is -13 + 201?
122
In base 8, what is -2 + 742?
740
In base 14, what is 747 - 0?
747
In base 6, what is 2534 - 11?
2523
In base 15, what is -4 - 32?
-36
In base 4, what is 32 - 201?
-103
In base 16, what is -34f + -1?
-350
In base 8, what is -15037 - 5?
-15044
In base 13, what is -1311 - -1?
-1310
In base 13, what is -1417 + 2?
-1415
In base 9, what is -6 + -1776?
-1783
In base 3, what is -111111 - -112?
-110222
In base 13, what is -4 - -3c?
38
In base 10, what is -5 + -17?
-22
In base 2, what is 1101 + -10100?
-111
In base 5, what is -102 - -11?
-41
In base 2, what is 1000010 + -1101?
110101
In base 7, what is -2 - -100?
65
In base 8, what is -26 - -4?
-22
In base 15, what is 29 - -2?
2b
In base 14, what is -4 + -a29?
-a2d
In base 14, what is -4 + b0?
aa
In base 2, what is 10100110 - 1?
10100101
In base 8, what is -6 + -647?
-655
In base 2, what is -10 + 110111101?
110111011
In base 4, what is -2 - -303?
301
In base 2, what is -10 - -101110?
101100
In base 8, what is -2 - -32?
30
In base 15, what is -10 + -21?
-31
In base 10, what is -16 - 19?
-35
In base 12, what is -42a7 + 1?
-42a6
In base 10, what is 284 + -23?
261
In base 10, what is 3540 + 1?
3541
In base 15, what is d40 + -1?
d3e
In base 14, what is -7 - -32?
29
In base 15, what is 4 - -37e?
383
In base 13, what is 3 - 47?
-44
In base 2, what is 10110 + 1000011000?
1000101110
In base 5, what is -10 - -1?
-4
In base 8, what is 4 - -166?
172
In base 15, what is 208a - 3?
2087
In base 3, what is -20 + -2010?
-2100
In base 4, what is 202 + 3310?
10112
In base 8, what is 10 - 220?
-210
In base 12, what is -5 + 2454?
244b
In base 11, what is 962a - -3?
9632
In base 14, what is -6 + 95?
8d
In base 14, what is 19d - 1?
19c
In base 5, what is 20 - 212?
-142
In base 11, what is -4 + 2?
-2
In base 7, what is 2015 + -3?
2012
In base 16, what is -3 - 2b?
-2e
In base 6, what is 15 + -10?
5
In base 8, what is -2 + 140?
136
In base 16, what is 5d - 15?
48
In base 6, what is 10 + 4?
14
In base 14, what is -3c + 16?
-26
In base 9, what is 5 + -385?
-380
In base 8, what is -2 - 32?
-34
In base 3, what is 102122022 - 12?
102122010
In base 5, what is 1 + 2040?
2041
In base 15, what is -6 - -12e?
128
In base 14, what is 4 - 1112?
-110c
In base 13, what is 901 - -6?
907
In base 8, what is 16667 - 4?
16663
In base 4, what is 12212 + 1?
12213
In base 10, what is 52 + -41?
11
In base 12, what is -9 + -b?
-18
In base 13, what is 180 - -5?
185
In base 10, what is -6 + 11?
5
In base 10, what is 2 + -1?
1
In base 12, what is -3 + -60?
-63
In base 6, what is -1 + -210?
-211
In base 2, what is 1011001 - -100?
1011101
In base 8, what is -412 - 37?
-451
In base 10, what is 4165 - 3?
4162
In base 11, what is 6 - -161?
167
In base 10, what is 159 + -25?
134
In base 15, what is 15 - -ae?
c4
In base 2, what is 0 - -1010000?
1010000
In base 6, what is 40 - -3041?
3121
In base 14, what is a8 - -3?
ab
In base 3, what is -101112 - 21?
-101210
In base 4, what is -100 - 11?
-111
In base 4, what is 0 - -101132?
101132
In base 11, what is -1532 + 8?
-1525
In base 4, what is 10333 + -3?
10330
In base 9, what is -128 + -2?
-131
In base 2, what is -11 + 11000010?
10111111
In base 7, what is -13 + -1422?
-1435
In base 14, what is -2a - -dd?
b3
In base 15, what is 5 - 158?
-153
In base 12, what is 28 - 1?
27
In base 2, what is -110111101 - -1?
-110111100
In base 4, what is -311000 - -2?
-310332
In base 16, what is ea - 17?
d3
In base 13, what is 0 - -29?
29
In base 8, what is -237 + -1?
-240
In base 15, what is -1e + -9?
-28
In base 15, what is -8b - 0?
-8b
In base 2, what is 11101110000 + -10?
11101101110
In base 6, what is 134 - 30?
104
In base 15, what is -5 - 128?
-12d
In base 3, what is 2122202 - -11?
2122220
In base 7, what is 6 - -12?
21
In base 6, what is -253 + -210?
-503
In base 16, what is -15 + -21?
-36
In base 13, what is 15 - -5?
1a
In base 11, what is -19873 - 3?
-19876
In base 7, what is 6 + 135?
144
In base 3, what is -20 + -222020?
-222110
In base 3, what is -11001000 - 11?
-11001011
In base 13, what is 4 - -1a7b?
1a82
In base 7, what is 4 + 235?
242
In base 9, what is 1527 - -3?
1531
In base 7, what is 13 + -361?
-345
In base 12, what is 9 - -38?
45
In base 12, what is 165 - 2?
163
In base 2, what is 111100000001 + 1?
111100000010
In base 14, what is -61a + 2?
-618
In base 10, what is -3 + 67?
64
In base 8, what is 1 - -123?
124
In base 10, what is -4959 - -2?
-4957
In base 15, what is 230 + 2?
232
In base 16, what is 4 - 10?
-c
In base 5, what is 121 - -300?
421
In base 3, what is -21 - 2102?
-2200
In base 8, what is -11 - -62?
51
In base 10, what is 2687 + -2?
2685
In base 3, what is 110 - -11201?
12011
In base 10, what is 0 - -72?
72
In base 12, what is -627 + -1?
-628
In base 16, what is 5f - -19?
78
In base 7, what is -26 + 1?
-25
In base 9, what is -205 - -58?
-136
In base 5, what is -33324 - 0?
-33324
In base 7, what is -143 - 10?
-153
In base 10, what is -5 + -342?
-347
In base 14, what is 4 - -d3?
d7
In base 8, what is -10 + -7?
-17
In base 9, what is 1047 - 4?
1043
In base 5, what is 20 + -13032?
-13012
In base 2, what is -11100010111 + -101?
-11100011100
In base 16, what is -4 - 178?
-17c
In base 5, what is 331 - -11?
342
In base 5, what is -10344 + -1?
-10400
In base 3, what is -2 + 20102022?
20102020
In base 4, what is -10203 - 121?
-10330
In base 4, what is -321 - -1?
-320
In base 11, what is 6 - -583?
589
In base 2, what is -10 - -110110000000?
110101111110
In base 3, what is 1 - 1101?
-1100
In base 11, what is 7 - -26?
32
In base 15, what is 3e + 5?
44
In base 6, what is 40 - 505?
-425
In base 7, what is 5 - -1162?
1200
In base 5, what is -10 + -1044?
-1104
In base 10, what is 3 - -46?
49
In base 7, what is -2604 + -1?
-2605
In base 16, what is -1 + b0?
af
In base 7, what is -520 - 63?
-613
In base 5, what is -103223 + 0?
-103223
In base 13, what is -1a + -1b8?
-205
In base 6, what is 4 - -42?
50
In base 4, what is 111233 + -10?
111223
In base 4, what is 202 + 131?
333
In base 11, what is 13a5 + 2?
13a7
In base 11, what is 13a - 2?
138
In base 11, what is -5 - -4?
-1
In base 8, what is -263 + 73?
-170
In base 4, what is -12 + -2113?
-2131
In base 4, what is -3 - 312000?
-312003
In base 9, what is 70 + -3?
66
In base 11, what is 5 - 40?
-36
In base 15, what is 2 - ba?
-b8
In base 6, what is 110 - -13?
123
In base 16, what is 3f + 0?
3f
In base 10, what is -2 - 39?
-41
In base 8, what is -735 + 5?
-730
In base 2, what is -1 - -1101?
1100
In base 15, what is d + -a?
3
In base 14, what is -24 + 2?
-22
In base 5, what is 24 - 100?
-21
In base 4, what is -100 - -3?
-31
In base 2, what is 100000 + -1010001?
-110001
In base 14, what is d + 128?
137
In base 2, what is -11 + -1010011111?
-1010100010
In base 6, what is -1 + -42?
-43
In base 8, what is 53 + -37?
14
In base 4, what is -221 + 3?
-212
In base 3, what is 12 + -20001?
-12212
In base 7, what is 1331 + -3?
1325
In base 16, what is 29 - -52?
7b
In base 16, what is -6 - -e?
8
In base 14, what is -2 + c82?
c80
In base 2, what is 1011 + 1111110?
10001001
In base 6, what is 4 - 150?
-142
In base 2, what is -1011101 - 111?
-1100100
In base 13, what is 1601 + 3?
1604
In base 11, what is a6 - 0?
a6
In base 7, what is 4 + 1364?
1401
In base 16, what is 5 + 1c4?
1c9
In base 11, what is -1 + 3129?
3128
In base 7, what is -20 + 34?
14
In base 10, what is -124 + 0?
-124
In base 6, what is 4 - 34?
-30
In base 9, what is 122 + -3?
118
In base 10, what is 1325 + 12?
1337
In base 5, what is 2432 - -233?
3220
In base 6, what is 14 - 3010?
-2552
In base 16, what is -145 - -4?
-141
In base 7, what is 11406 + -1?
11405
In base 3, what is -102211 - 2?
-102220
In base 10, what is -4 - -7424?
7420
In base 6, what is -301 + 5?
-252
In base 15, what is 13 + 4b?
5e
In base 15, what is 2 - -13?
15
In base 6, what is -135 - -1?
-134
In base 13, what is 20 + 5?
25
In base 6, what is -122 - 2?
-124
In base 4, what is -2 - -11111?
11103
In base 11, what is 5 + -a2?
-98
In base 3, what is 11 - -1012?
1100
In base 12, what is -907 - -3?
-904
In base 3, what is -10220112 - -10?
-10220102
In base 6, what is -1202 - 40?
-1242
In base 3, what is 211 + 0?
2